n + l, 2*n + l + 3*l - 518 = 0. Suppose 3*y - 790 = -n. What are the prime factors of y?
5, 7
Let j(l) = -l**3 + 11*l + 2*l**3 + 18*l**2 - 16 + 3 - 31*l. What are the prime factors of j(-19)?
2, 3
Let n(u) = -u**3 - 14*u**2 - 24*u - 27. What are the prime factors of n(-13)?
2, 29
Let u(c) = c**3 - c**2 - c - 1. Let b be u(-1). List the prime factors of 135/b*124/(-155).
2, 3
Suppose 97*q - 458 = 96*q. List the prime factors of q.
2, 229
Let v(p) = -8*p - 54. Let m be v(-9). Let j(b) = -b**3 - b. Let a(i) = 3*i**3 + 17*i**2 + 17*i + 15. Let r(q) = -a(q) - 4*j(q). List the prime factors of r(m).
3, 5
Suppose -t + 3 = -v - 0*t, -4*t = 2*v - 24. Suppose -8 = -v*y - 3*j, 0*j = -3*j. Suppose 2*p = y*l + 20, 4*p + 5*l + 2 = -10. List the prime factors of p.
2
Let x(q) = q**2 - 8*q - 5. Let r be x(9). Suppose 0 = -5*k + 5 + 15, 184 = r*h - k. List the prime factors of h.
47
What are the prime factors of -3*362/(-3)*(-9 + 10)?
2, 181
Suppose 24 = -0*p + 8*p. What are the prime factors of (170 - 1) + (-6)/p + 5?
2, 43
Let d = -63 + 113. Let f = d + 60. List the prime factors of f.
2, 5, 11
Suppose 0 = 2*g - 5*t + 4, 0 = -8*g + 4*g - 2*t + 16. Suppose 0 = -b + 3*b. Suppose -4*p + b*x + 116 = g*x, 5*x = 0. List the prime factors of p.
29
Suppose -3*d - 6*a - 259 = -a, 2*a = 2. List the prime factors of (-16)/d - (-251)/11.
23
Suppose 0 = -d, f = -0*f - 5*d + 18. Let q(l) = l**2 - 8*l + 15. List the prime factors of q(f).
3, 5, 13
Let s(t) = t - 42. What are the prime factors of s(73)?
31
Suppose 3*c - 6 = 0, 0 = -4*t - c + 6*c + 58. Suppose 0 = -l - f + 1, -t = 3*f - 5. List the prime factors of l.
5
Let z(c) be the second derivative of -c**4/12 + 3*c**3/2 + 7*c**2 + c. Let v be z(10). Suppose v*x + 3*k - 20 = k, 0 = -3*k. What are the prime factors of x?
5
Let p = 7798 - 5029. What are the prime factors of p?
3, 13, 71
Let y be (-1970)/(-40) - (10/8 - 2). Let k = 23 - 41. Let p = y - k. List the prime factors of p.
2, 17
Let p(x) = -62*x**3 - 3*x**2 + 3*x + 3. What are the prime factors of p(-2)?
13, 37
Let m(t) = 19*t**2 - 2. Let o be m(-1). Suppose 16*r + 27 = o*r. List the prime factors of r.
3
Suppose -3*f - 4*r = f - 108, -4 = -2*r. Suppose 3*q = -16 + f. Suppose -27 = -y + z, 0 = q*z - 2 - 7. What are the prime factors of y?
2, 3, 5
Suppose 750 = -82*i + 84*i. List the prime factors of i.
3, 5
Suppose 5*o - 4 = 2*a, 2*o - 14 = -5*a + 5. Suppose -b - 4*k = -244, -5*b + 470 = -a*b - k. What are the prime factors of b?
2, 59
Let c = -76 - -114. What are the prime factors of c?
2, 19
Suppose 30*r - 33*r = -1413. List the prime factors of r.
3, 157
Suppose -213 - 2230 = -3*z + y, 3*y + 801 = z. Suppose -5*u - 818 = 2*g - 3*g, -2*g = -5*u - z. What are the prime factors of u/(-9) + (-10)/45?
2, 3
Let l(r) = 5*r**2 + 27*r + 141. List the prime factors of l(-6).
3, 53
Let t(c) = -c**3 - 7*c**2 + 8*c + 2. Let k be -4 + (-2 - -2*3). Suppose 4*r - 2*b + 37 = -3*b, k = 2*b + 10. List the prime factors of t(r).
2
Let i(r) = 56*r + 13. Let o be i(6). Let c = -248 + o. What are the prime factors of c?
101
Let l = 7 + -5. Suppose -4*g - 5*y = -531, 0 = l*g - 6*g + 5*y + 581. List the prime factors of g.
139
Suppose 2*f = 3*p - 58, -2*p + 22 + 26 = f. Let k = p - -7. Let y = 20 + k. What are the prime factors of y?
7
Suppose -15640 = -17*o + 26537. List the prime factors of o.
3, 827
Let x = -1388 + 2576. What are the prime factors of x?
2, 3, 11
What are the prime factors of (-10)/105 - (-728800)/168?
2, 3, 241
Suppose -4*a = -4*h + 13520, 156*h - 5*a = 153*h + 10150. List the prime factors of h.
3, 5
Let t be (-6)/2*-4 - 0. Suppose 3445 = s + t*s. List the prime factors of s.
5, 53
Let r = 35 - 23. Suppose 0 = 4*z - 2*j, -5*j = -3*z - 9 - 5. Suppose -z*g + r = -g + d, 5*g - 48 = d. List the prime factors of g.
2, 5
Suppose 29*t + 4 = 30*t. Suppose 5*l + 25 = 0, 2*r + 3*r + t*l - 280 = 0. What are the prime factors of r?
2, 3, 5
Suppose -4*t + 4*h + 12 = 0, -2*h + 11 = t + h. Suppose -t*f = -5*p + 280, f - 4*f + 9 = 0. List the prime factors of p.
59
Let l(d) = -2*d**2 + 6. Let s be l(2). List the prime factors of 18/(-9)*(-1 + 141/s).
11, 13
Suppose 49*q = 8*q + 167772. What are the prime factors of q?
2, 3, 11, 31
Suppose 2*x = -6*x + 16. Let y be (19/2 - -2)*2. Suppose -2*q = -5*u + q + 42, x*u - y = -5*q. List the prime factors of u.
3
Suppose 0 = z - 4. Suppose 3*b - 12 = -4*d, 18 - 2 = -z*d + 4*b. Suppose -3*y + y - 2*a + 18 = d, -4*a = -y + 19. What are the prime factors of y?
11
Let i(n) = 4 - 13 - n - 14*n**2 + 15*n**2 - 11. What are the prime factors of i(-6)?
2, 11
Let w be ((-15)/(-10))/(2/(-64)). Let s = 87 + w. What are the prime factors of s?
3, 13
Let j be 0 + 0 + (3 + -3)/5. Suppose j*a + 8*a = 48. List the prime factors of a.
2, 3
Suppose 5*a = 3*s + 10 + 4, 5*s - 18 = -2*a. Suppose a*p + 1 = -3. What are the prime factors of 1/(p/(-32)*4)?
2
Let n be (-2)/(-8)*4 + 9. Suppose -u - n = -2*p + 19, -u = 5*p - 55. List the prime factors of 4*1*87/p.
29
Let g(i) = i + 6. Let p be ((-3)/(-6))/(5/190). List the prime factors of g(p).
5
Let w = -21 + 45. Suppose -4*i + w = -2*i. List the prime factors of i.
2, 3
Let b(c) = c**3 + 8*c**2 + 3*c - 4. Let d = -11 - -4. List the prime factors of b(d).
2, 3
Let u(q) = 8*q**2 - 20*q - 10. What are the prime factors of u(14)?
2, 3, 71
Let z(n) = -113*n**3 - n. Let g be z(-1). Suppose 4*j + o - 2*o = 140, 3*j - 3*o = g. What are the prime factors of j?
2, 17
Let k be 4/(-6) + 12/18. Suppose 3*f - 4*b - 50 = 0, 3*f - f + b - 15 = k. What are the prime factors of 408/f - 4/(-20)?
41
Let p = -27 + 31. Suppose p*b - 546 = -3*b. Let j = 138 - b. What are the prime factors of j?
2, 3, 5
Suppose 1431*m - 1429*m - 2728 = 0. What are the prime factors of m?
2, 11, 31
Let m(v) = -7 + v**3 - 8 - 4*v**2 - 7*v + 11. List the prime factors of m(6).
2, 13
Let d(g) = 4*g**2. Let o be d(-1). Suppose q + 4 = -q + 4*p, -o*p + 8 = 0. Suppose -q*k + 5 + 43 = 2*b, -4*b = -3*k - 110. List the prime factors of b.
2, 13
Let i(o) = -o**3 + 5*o**2 - 6*o + 6. Let v be i(4). Suppose -m - 2*p = 2*m - 65, -34 = -2*m + p. List the prime factors of m - (v/2 + -2).
2, 11
Let z(x) = 73*x**3 - 2*x**2 - 2*x + 10. List the prime factors of z(2).
2, 3, 97
Let c be (-6)/(-8) + 0 - (-171)/76. Suppose i + c*u - 19 = 0, 0 = u + 1 - 5. What are the prime factors of i?
7
Let d be ((-3)/12*-1)/(-1)*-484. Suppose 3*y - d = 4*h + 70, 0 = -3*y - 2*h + 215. What are the prime factors of y?
3, 23
Suppose 400 = -33*i + 34*i. List the prime factors of i.
2, 5
Suppose 3*u - v - 7750 = 0, u - 2565 = 13*v - 9*v. List the prime factors of u.
5, 11, 47
Suppose 0 = -5*w + 10 + 25. List the prime factors of (-10)/(-35) - (-859)/w.
3, 41
Let s(h) = -11 - 5*h - 15 - 21 + 5*h**2 - 18. What are the prime factors of s(9)?
5, 59
Let s = 1256 + -606. List the prime factors of s.
2, 5, 13
Suppose 4*t + 5*l + 5 = 0, 2*t + 5*l - 4*l = -1. Let q be 12/(-20) + 13/5. Suppose -2*s + q*a - 14 = -50, -4*a - 20 = t. List the prime factors of s.
13
Let t(x) = -9*x**2 - 15*x - 11. Let y(o) = 4*o**2 + 7*o + 5. Let d(k) = 6*t(k) + 14*y(k). List the prime factors of d(5).
2, 47
Let w = 75 + -43. Let k = w + -27. Suppose k*d = -x + 123, x + 21 = -3*d + 94. What are the prime factors of d?
5
Let u(k) = k**3 + 25*k**2 - 22*k - 31. List the prime factors of u(-24).
29, 37
Suppose 0 = -8*s + 33579 + 3789. What are the prime factors of s?
3, 173
Let z = 4 - -1. Suppose -4*w + 239 = 5*v, 2*v - 279 = -4*w + z*v. What are the prime factors of w?
2, 3, 11
Let z(h) = 3*h**2 - 3*h - 1. Let n be z(5). What are the prime factors of (n/2)/(17/34)?
59
Let o(y) = -4*y**2 + 6*y + 2. Let z be o(6). Let s = -60 - z. Suppose -s = 6*v - 8*v. What are the prime factors of v?
23
Suppose -g + 15378 = 10*g. List the prime factors of g.
2, 3, 233
Let k = 290 + -593. Let x = k + 448. What are the prime factors of x?
5, 29
Let a(h) = 321*h**2 + 4*h. List the prime factors of a(-1).
317
Suppose -5*n + 6125 = 455. What are the prime factors of n?
2, 3, 7
Let c(z) = -z - 1. Let r be c(-6). Suppose 54 = -3*u + r*u. List the prime factors of 0/(-3 - -5) + u.
3
Let d be 6*(7 + -3) - 3. Let i = d - 15. Let y = 37 - i. What are the prime factors of y?
31
Suppose -3*n + 5*c - 32 = n, 2*n + 4*c + 42 = 0. Let r = n + 13. Suppos